alculate l(19).
19
Let o(v) = v**2 + 129*v + 2526. What is o(-24)?
6
Let w(p) = -4*p**2 + 192*p - 1441. What is w(38)?
79
Let a(t) = -t**2 - 76*t - 981. Calculate a(-12).
-213
Let p(f) = -f**2 + 60*f - 461. Calculate p(20).
339
Let b(z) = 10*z**2 - 95*z - 93. Calculate b(-1).
12
Let z(p) = -p**3 + 32*p**2 - 65*p + 141. Give z(30).
-9
Let h(d) = -2*d + 13. What is h(-6)?
25
Let i(o) = -o**2 - 22*o - 29. Determine i(-20).
11
Let q(n) = -21*n - 680. Determine q(-29).
-71
Let s(b) = -3*b**3 + 191*b**2 + 63*b + 92. Calculate s(64).
28
Let p(g) = 314*g + 33291. Calculate p(-106).
7
Let m(i) = i**3 + 3*i**2 + 6*i - 5. What is m(3)?
67
Let h(f) = 942*f + 3757. Determine h(-4).
-11
Let n(d) = 38*d + 71. What is n(8)?
375
Let c(n) = n**3 + 58*n**2 - 140*n - 1217. Determine c(-60).
-17
Let m(s) = 7*s**2 + 2067*s + 2066. Give m(-1).
6
Let l(b) = b**2 + 110*b + 390. What is l(-4)?
-34
Let m(j) = j**3 + 46*j**2 + 110*j + 2927. Calculate m(-45).
2
Let w(d) = -62*d + 1059. What is w(18)?
-57
Let f(b) = b**3 - 6*b**2 - 62*b - 29. Determine f(12).
91
Let h(f) = f**3 - 63*f**2 - 130*f + 7. Give h(65).
7
Let i(c) = -c**3 + c**2 + 70*c + 101. Give i(-7).
3
Let r(b) = -4*b**3 - 271*b**2 - 199*b + 114. Give r(-67).
-20
Let g(m) = m**3 - 3*m**2 - 12. Give g(-3).
-66
Let k(d) = -2*d**3 + 13*d**2 + 64*d - 405. Determine k(5).
-10
Let b(c) = -3*c**3 + 210*c**2 - 211*c + 332. What is b(69)?
56
Let d(a) = -a**3 + 12*a**2 - 6*a - 5. Give d(6).
175
Let d(i) = -139*i + 1371. What is d(10)?
-19
Let d(m) = -9*m**3 + 1359*m**2 - 14. Give d(151).
-14
Let x(b) = -1513*b - 15130. Calculate x(-10).
0
Let z(g) = -32*g + 29. What is z(-7)?
253
Let o(z) = -3*z**2 + 113*z - 117. Give o(37).
-43
Let w(f) = -2807*f - 16824. What is w(-6)?
18
Let y(n) = 49*n + 2664. Give y(-55).
-31
Let x(c) = -42*c + 1003. What is x(27)?
-131
Let y(w) = 36*w - 221. Calculate y(6).
-5
Let m(r) = -67*r + 1183. Calculate m(18).
-23
Let c(b) = 2*b**2 + 188*b + 3897. Calculate c(-63).
-9
Let r(f) = -7*f**2 - 18*f + 5. What is r(4)?
-179
Let r(j) = -j**2 - 375*j - 35151. Give r(-186).
3
Let b(a) = -258*a + 45932. What is b(178)?
8
Let c(b) = -328*b + 6219. Calculate c(19).
-13
Let j(o) = -17*o**2 + 75*o. Give j(5).
-50
Let m(o) = o**3 + 25*o**2 - 58*o - 102. Give m(-26).
730
Let b(q) = 151*q + 17597. Give b(-117).
-70
Let u(i) = i**3 - 2*i**2 + 13*i - 87. Calculate u(4).
-3
Let s(l) = l**3 + 17*l**2 + 2*l + 71. What is s(-17)?
37
Let h(x) = -7*x**3 - 182*x**2 - 4*x - 159. Calculate h(-26).
-55
Let w(j) = -7*j - 232. Calculate w(-35).
13
Let p(k) = -k**3 + 109*k**2 + 121*k - 1213. Calculate p(110).
-3
Let d(h) = -3*h + 10. Calculate d(-10).
40
Let l(k) = -k**3 + 2*k**2 - 6*k - 55. Calculate l(0).
-55
Let a(m) = 81*m + 28. Calculate a(-1).
-53
Let y(i) = -4*i - 37. What is y(-16)?
27
Let v(k) = 189*k - 1934. Calculate v(10).
-44
Let x(u) = 51*u - 616. Determine x(10).
-106
Let m(n) = 77*n - 5469. Give m(71).
-2
Let h(y) = y**3 - 16*y**2 + 60*y - 1. Determine h(10).
-1
Let l(m) = -2*m**3 + 14*m**2 - 143*m + 999. Give l(7).
-2
Let r(v) = 831*v - 8316. Determine r(10).
-6
Let b(n) = -51*n**3 + 1480*n**2 - 21*n - 237. Give b(29).
-5
Let b(a) = a**3 + 20*a**2 + 224*a + 1047. Calculate b(-8).
23
Let i(h) = 3*h**2 - 41*h + 73. Determine i(3).
-23
Let j(s) = 55*s + 881. Determine j(-16).
1
Let b(l) = l**3 + 31*l**2 + 106*l - 87. Determine b(-27).
-33
Let r(j) = 380*j - 8722. Give r(23).
18
Let d(h) = -3*h**2 + 734*h - 5672. Determine d(8).
8
Let p(n) = -52*n - 154. Calculate p(-3).
2
Let i(f) = 3*f**3 + 2*f**2 - 9*f - 5. Calculate i(2).
9
Let d(t) = -8*t**2 - 68*t - 265. Give d(-11).
-485
Let z(t) = 482*t + 3455. Calculate z(-7).
81
Let f(v) = -v**3 + 3*v**2 + 11*v - 40. Give f(6).
-82
Let k(s) = -2778*s + 5492. Determine k(2).
-64
Let q(u) = 28*u**2 + 168*u - 9. Calculate q(-6).
-9
Let a(z) = 2*z**3 - 139*z**2 + 59*z + 265. Give a(69).
-425
Let y(u) = -68*u - 6931. What is y(-102)?
5
Let g(i) = -i**2 + 114*i + 849. Give g(-7).
2
Let s(u) = -u**2 + 127*u + 535. What is s(-4)?
11
Let v(x) = 37*x**2 + 1003*x - 920. Determine v(-28).
4
Let r(p) = p**3 - 76*p**2 - 3887*p + 223. Calculate r(111).
1
Let d(r) = r**3 + 10*r**2 + 7*r + 95. Give d(-11).
-103
Let v(x) = 7*x**2 - 1058*x - 39306. Determine v(182).
6
Let w(l) = -37*l - 2521. Determine w(-68).
-5
Let f(k) = -2*k**2 + 261*k - 1664. Give f(124).
-52
Let j(g) = 741*g - 4203. Determine j(6).
243
Let z(a) = -a**3 - 6*a**2 - 30*a - 174. Give z(-6).
6
Let t(o) = -6102*o + 30462. What is t(5)?
-48
Let n(g) = -g**3 - 73*g**2 - 68*g + 4. Calculate n(-72).
-284
Let z(y) = 19*y**2 - 1867*y + 498. What is z(98)?
8
Let o(x) = -4*x**2 - 161*x + 1700. Determine o(-49).
-15
Let d(t) = 9*t**3 - 3*t**2 + 13*t - 6. Calculate d(2).
80
Let h(w) = -217*w - 27549. Determine h(-127).
10
Let k(q) = -q**2 - 14*q - 19. What is k(-21)?
-166
Let y(w) = 2*w**3 + 139*w**2 + 68*w - 67. Calculate y(-69).
2
Let d(y) = -y**3 + 10*y**2 - 8*y + 68. Give d(9).
77
Let g(n) = -n**3 + 35*n**2 + 30*n - 10. Determine g(36).
-226
Let y(j) = -j**3 - 9*j**2 - 21*j - 22. Determine y(-2).
-8
Let t(o) = -o**3 + 51*o**2 - 149*o + 13. What is t(3)?
-2
Let v(k) = 8*k**2 - 212*k + 329. Determine v(25).
29
Let d(u) = 2*u**3 - u**2 + 9*u - 49. Give d(0).
-49
Let v(n) = 131*n - 165. Give v(2).
97
Let d(z) = -z**3 + 11*z**2 - 174*z + 3521. Calculate d(15).
11
Let z(m) = -4*m**2 - 244*m - 1122. What is z(-5)?
-2
Let k(w) = -w**2 + 81*w - 1328. Calculate k(58).
6
Let y(b) = 88*b - 56. Calculate y(5).
384
Let r(q) = 5*q**3 - 3*q**2 - 4*q. Determine r(-2).
-44
Let q(f) = -f**2 - 4*f - 48. Determine q(-9).
-93
Let c(t) = -143*t + 10288. Determine c(72).
-8
Let o(u) = -5*u**3 + 186*u**2 - 40*u + 103. Give o(37).
-8
Let i(p) = 216*p + 1794. What is i(-8)?
66
Let b(z) = -729*z - 7280. Calculate b(-10).
10
Let u(o) = 2*o**3 + o**2 - 4*o + 5. What is u(0)?
5
Let g(i) = -45*i - 3. What is g(-4)?
177
Let p(b) = 263*b + 4706. Give p(-18).
-28
Let m(o) = 152*o**2 - 6*o - 1. What is m(-1)?
157
Let s(t) = 14*t**2 + 880*t - 3499. Give s(4).
245
Let s(u) = -u**3 - 11*u**2 + 9*u + 97. What is s(-11)?
-2
Let w(p) = 374*p - 362. Determine w(1).
12
Let f(o) = -11*o**2 + 16*o + 35. Determine f(-2).
-41
Let w(v) = v**3 - 84*v**2 + 1569*v - 29. Give w(28).
-1
Let p(g) = 2*g**3 + 100*g**2 + 90*g - 401. Calculate p(-49).
-9
Let z(w) = -6*w**2 + 2*w + 1. Determine z(-2).
-27
Let y(o) = -o**2 - 51*o + 1529. Calculate y(-72).
17
Let a(h) = -2*h**2 - 3*h + 118. Calculate a(9).
-71
Let v(u) = -u**3 + 2*u**2 + 20*u + 5. What is v(0)?
5
Let o(q) = -q**2 + 7*q + 364. Calculate o(-17).
-44
Let q(t) = -454*t + 10438. Determine q(23).
-4
Let o(f) = 3*f**2 - 1686*f + 3363. What is o(2)?
3
Let v(s) = s**2 + 10*s - 559. Give v(21).
92
Let k(a) = 7*a**3 - 3*a**2 - 6*a - 4. What is k(4)?
372
Let h(j) = 20*j**2 - 116*j - 8. Calculate h(7).
160
Let q(w) = w**3 - 6*w**2 - 8*w + 36. Determine q(8).
100
Let p(m) = -5*m**2 - 173*m - 5. Calculate p(0).
-5
Let m(r) = -8*r**2 + 176*r - 640. What is m(5)?
40
Let l(h) = -67*h - 2342. What is l(-35)?
3
Let d(t) = t**3 + 2*t**2 - 36*t + 155. Determine d(5).
150
Let s(y) = -19*y + 33. Give s(-1).
52
Let n(v) = -63*v - 114. Give n(-2).
12
Let a(j) = 3*j**3 - 17*j**2 + 4*j + 41. Calculate a(5).
11
Let k(r) = 2*r**3 - 7*r**2 + r - 5. What is k(3)?
-11
Let c(r) = -2*r**3 - 23*r**2 - 3*r + 19. Calculate c(-1).
1
Let n(b) = -2*b**3 - 41*b**2 - 21*b + 5. Calculate n(-20).
25
Let m(b) = -149*b - 2821. What is m(-19)?
10
Let d(z) = -z**3 - 27*z**2 - 79*z - 179. What is d(-24)?
-11
Let c(g) = g**2 - 99*g + 2455. Calculate c(49).
5
Let b(t) = 2*t + 66. Determine b(-34).
-2
Let n(q) = 2*q**3 + 28*q**2 - 22*q - 311. Determine n(-14).
-3
Let x(f) = -f**3 + 6*f**2 + 67*f + 65. Determine x(12).
5
Let u(w) = 33*w - 2264. Calculate u(67).
-53
Let y(b) = 5*b + 122. Determine y(-19).
27
Let s(d) = -638*d + 3889. What is s(6)?
61
Let o(k) = -19*k**3 - 2*k**2 + 29*k + 30. Determine o(-1).
18
Let h(x) = -1254*x - 5036. Calculate h(-4).
-20
Let d(i) = i**2 - 3045*i + 18236. Calculate d(6).
2
Let u(d) = d**3 - 11*d**2 + 14*d - 133. Give u(9).
-169
Let u(t) = 449*t + 18378. What is u(-41)?
-31
Let v(h) = 41*h - 2162. What is v(46)?
-276
Let m(u) = -u**2 + 472*u + 17751. Calculate m(-35).
6
Let i(g) = -3*g**3 - 2*g**2 - 9*g + 31. Calculate i(-3).
121
L